s of o(0)?
2, 73
Let f be -3 - -3 - (-3 - 0). Let m be (14/f)/(1/3). Let l = 28 - m. What are the prime factors of l?
2, 7
Suppose -4*m + 112 = 4*o, 108 = 4*o - 2*m + 7*m. List the prime factors of o.
2
Let i be (-176)/(-4) + 4/4. Let x = i + -20. What are the prime factors of x?
5
Suppose 0*j = -7*j + 168. What are the prime factors of j?
2, 3
Let t = 32 - 23. What are the prime factors of (24/t)/((-6)/(-63))?
2, 7
Let y = 4 - 1. Suppose 3*i - 21 = -0*i + 3*u, -5*u = -y*i + 15. Suppose -3*b + i = -14. What are the prime factors of b?
2
Suppose -5*u + 13 = 3, -4*u = -5*z - 18. Let q = 3 - z. What are the prime factors of (-1 - 2) + (22 - q)?
2, 7
Let k = 81 + -37. List the prime factors of k.
2, 11
Suppose 4*y - 22 = -6. List the prime factors of y.
2
Suppose -45*f + 46*f = 38. What are the prime factors of f?
2, 19
Suppose u + 3*u - 4 = -4*v, -v + 13 = -5*u. Suppose 5*y - 53 = -v*q, 5*y - 92 + 19 = 2*q. What are the prime factors of y?
13
Suppose 4*b + 94 = 2*j, 3*b + 28 + 44 = 3*j. Let u = -10 - b. What are the prime factors of u?
13
Suppose 4*f - 339 = -2*u + 127, 4*f - 465 = -u. List the prime factors of f.
2, 29
Let f = 380 - 171. What are the prime factors of f?
11, 19
Let n(p) = p**2 - 9*p + 10. Let o be n(8). Suppose t = -4*w + 29, 12 = 3*t - 5*w + o*w. List the prime factors of t.
3
Let s(q) = -2*q + 7. Let o be s(0). What are the prime factors of (-30)/(-70) - (-60)/o?
3
Suppose -2 = j - 1, -j = -3*o + 37. Let t be 9/(-3)*1/(-3). Suppose z - t = o. What are the prime factors of z?
13
Let v = 5 - -3. Let s = v + -6. Suppose 21 = s*p - 17. List the prime factors of p.
19
Let s(m) = 10*m**2 - m - 3. What are the prime factors of s(-3)?
2, 3, 5
Suppose -u = u - 20. Let r = u + 0. What are the prime factors of r?
2, 5
Suppose 4*q = -0*q + 12. Suppose 0 = 4*n + 3*s - 7, 3*n - 16 = -5*s + q. List the prime factors of (18/4 - n)*2.
13
Suppose -2*p = m - 2 - 3, m + 5*p - 5 = 0. Suppose 5*u = -2*s + m, -s + 2*u - 2 = -0*u. Suppose 5 = -2*a - 3*l + 1, s = -l - 4. List the prime factors of a.
2
Suppose 20 = 5*y - y. Suppose y*v = 56 + 19. What are the prime factors of v?
3, 5
Let n(z) be the first derivative of z**3/3 - 2*z**2 - 2*z + 3. Let q be n(4). List the prime factors of 8 - (-2)/4*q.
7
Let o = -18 + 73. What are the prime factors of o?
5, 11
Suppose -i + q + 11 = 0, 0 = 3*i - 0*i - 5*q - 31. Let l = i - 2. Suppose -2*s = -7*s + l. What are the prime factors of s?
2
Let w = -8 + 38. List the prime factors of w.
2, 3, 5
Let s(o) = -o - 4. Let v be s(3). Let i(y) = 3*y**2 - 9*y + 4. Let c(p) = -7*p**2 + 19*p - 8. Let x(d) = -4*c(d) - 9*i(d). List the prime factors of x(v).
2, 5
Let c = 23 - 21. List the prime factors of c.
2
Let b(z) = -z**3 - 3*z**2 + 6*z - 7. Let i(d) = -2*d + 7. Let c be i(6). What are the prime factors of b(c)?
13
Let m be 300/(-16) + 2/(-8). Let o = m + 33. List the prime factors of -1 + 1*-2 + o.
11
Let x(y) = y + 1. Let t be x(4). Let b(s) = s**3 - 4*s**2 - 7. What are the prime factors of b(t)?
2, 3
Let a(p) = 15*p**3 + 3*p**2 - 5*p + 8. List the prime factors of a(3).
5, 17
Let t(l) = -6*l + 4. What are the prime factors of t(-6)?
2, 5
Let w = -3 + 6. Suppose h - 16 = w*o, 4*o = -5*h + 30 + 69. List the prime factors of h.
19
Let k be (-148)/(-10) + 11/55. Suppose b + 4*q - k - 18 = 0, 0 = 3*b + 4*q - 75. What are the prime factors of b?
3, 7
Let k(i) = -i + 1. Suppose -4*v - 7 = 1. Let m = v - 3. What are the prime factors of k(m)?
2, 3
Let l = 2 + 1. Let m be (-51)/(l + (-18)/4). Let o = 49 - m. What are the prime factors of o?
3, 5
Suppose -7*u + 705 = -2*u. Let h = -101 + u. List the prime factors of h.
2, 5
Let y(m) = -m**3 - 3*m**2 - 5*m - 1. What are the prime factors of y(-5)?
2, 37
Let q(t) = t**3 - t - 10. Let w be q(0). Suppose -5*a - 4*u + 10 = -91, 30 = 2*a - u. Let b = a + w. List the prime factors of b.
7
Let n = 448 - 267. What are the prime factors of n?
181
Let w = 5 - 2. Suppose -g + 3*q + 42 = -2*g, -108 = w*g + 3*q. Let a = 49 + g. List the prime factors of a.
2
Suppose -5*o = -4*w - 80, 5*w + 45 = o + 8. Suppose -43 + o = -p. What are the prime factors of p?
31
Let h(n) = 11*n**3 - 20*n**2 - 20*n + 6. Let w(k) = 4*k**3 - 7*k**2 - 7*k + 2. Let z(p) = 3*h(p) - 8*w(p). What are the prime factors of z(5)?
7
Let s = -49 - -111. What are the prime factors of s?
2, 31
Suppose 2*y + y + 267 = 2*z, -5*z + 2*y + 662 = 0. List the prime factors of z.
2, 3, 11
Let u(s) = s**3 - 7*s**2 - 5*s + 2. Suppose -3*l + 2*t = -3*t - 34, -5*t + 14 = 3*l. What are the prime factors of u(l)?
2, 13
Let u = 35 - -3. What are the prime factors of u?
2, 19
Let i be ((-2)/(-1) + 0)*2. Suppose 70 = -i*o + 9*o. List the prime factors of o.
2, 7
Let n = -4 - -4. Let a be 1*(4 + (n - 1)). Suppose 14 = -a*c + 44. What are the prime factors of c?
2, 5
Let f(b) = -b**3 - 29*b**2 - 38*b - 51. What are the prime factors of f(-28)?
229
Let b be (5/10)/(1/(-24)). Let z = 43 - b. List the prime factors of z.
5, 11
Suppose 64 = -2*w + 14. Let f = -3 - w. What are the prime factors of f?
2, 11
List the prime factors of ((0 + 9)/1)/(6/18).
3
Suppose 11 + 1 = 4*s. Suppose 2*b + 16 = 2*a + 2*a, -a + s*b = -14. What are the prime factors of a?
2
Suppose -2*s + 16 = 2*s + 4*r, 4*s + r = 1. What are the prime factors of 39*s*2/(-6)?
13
Let f be 3/(-12) + 33/4. Suppose -2 = -5*y + f. Suppose -16 = -y*v - 0*v. What are the prime factors of v?
2
Let n be 78/10 - (-3)/15. Suppose 5*s + 3*t = 28 - n, 11 = 3*s + 2*t. What are the prime factors of s?
7
Let v(h) = -h**2 - 3*h + 4. Let w be v(-3). Suppose 0 = w*d - 4*y - 44, 2*y = -1 - 7. What are the prime factors of d?
7
Suppose -45 = -s - 0*s. List the prime factors of s.
3, 5
List the prime factors of 4/(((-24)/20)/(-6)).
2, 5
Let s(q) = -q**3 + 6*q**2 + q + 6. Let i be s(6). Suppose 7*g = i*g - 210. What are the prime factors of g?
2, 3, 7
Let z be 1/(-1 - 0/(-3)). Let m = 1 - z. List the prime factors of m.
2
Let x = 6 + -4. Suppose -2*b = x*b - 3*h + 41, 0 = -4*b + 4*h - 40. Let m = b + 17. List the prime factors of m.
2, 3
Let f be 8/(0 + -1 - -3). Suppose -f*b + 16 = 3*r, 3*r - 2 = -b + 29. What are the prime factors of r?
2, 3
Let u(r) = 5*r + 4. Let a(q) = -9*q - 7. Let d(n) = 4*a(n) + 7*u(n). Suppose s = 4*s + 9. What are the prime factors of d(s)?
3
Suppose -4*z = 6 + 2. Let d = -3 - z. What are the prime factors of (3/6)/(d/(-4))?
2
Let f = -3 - -7. Suppose 5*b = -h, h - f*b - 38 = -2*h. List the prime factors of (h/4)/((-3)/(-6)).
5
Suppose 135*m + 1179 = 138*m. What are the prime factors of m?
3, 131
Suppose -3*y = 5*r + 8, 12 + 4 = 5*y + r. Suppose 9*h = y*h + 90. Let x = -8 + h. List the prime factors of x.
2, 5
Let q be 2/(1/(2 + 1)). What are the prime factors of (-9)/q + 23/2?
2, 5
Suppose 18 = 8*f - 2*f. Let q(z) be the first derivative of -z**3/3 + 5*z**2/2 + 1. What are the prime factors of q(f)?
2, 3
Suppose 0*n + 18 = n. Let r = n + 56. Suppose 24 = y - 3*m, 4*y + 2*m + 20 - r = 0. What are the prime factors of y?
3, 5
What are the prime factors of 32/5*15/3?
2
Suppose -2*r + n = -29, -3*r + 5*n = -4*r - 13. What are the prime factors of r?
2, 3
Let v = -1 - -2. Let i(c) be the second derivative of 4*c**3 - c**2/2 + c + 8. List the prime factors of i(v).
23
Suppose -5*p + 10 = -0*p. Suppose -5*b = 5*d - 55, 3*b + p*d - 33 + 3 = 0. Suppose b = g - 1. What are the prime factors of g?
3
Suppose -3*n = -3*q - 132, -4*n + 53 = -5*q - 170. Let j = 67 + q. What are the prime factors of j?
2, 5
Let t = 95 + -51. List the prime factors of t.
2, 11
Suppose -4*n - 2*s = 14, 2*n - s + 5*s = -22. Let q = n - -4. Suppose q*k + 0*k = -4*v, 7 = 4*k + 3*v. What are the prime factors of k?
2
List the prime factors of 3/(1/(-1))*(-515)/15.
103
Suppose -1 = d - 3. Let g = 5 - d. List the prime factors of g.
3
Suppose 165 = -16*v + 17*v. What are the prime factors of v?
3, 5, 11
Let v(a) = 2*a**3 + a**2 - 10*a + 5. List the prime factors of v(5).
2, 5, 23
Suppose -s - 425 = -6*s - 2*g, -g + 420 = 5*s. What are the prime factors of s?
83
Suppose 0*y + 2*y - 111 = 3*p, -4*y + p + 197 = 0. What are the prime factors of y?
2, 3
Let w(n) = 18*n**2 - 1. Let u be w(1). Suppose 4*m - 2*k = 3*k - u, -m + k = 3. List the prime factors of m + 10 - (2 - 0).
2, 5
Let t = -1 + 6. Suppose 5*y - 356 = 2*p, 